{"id":98,"date":"2026-01-25T22:35:06","date_gmt":"2026-01-25T22:35:06","guid":{"rendered":"http:\/\/localhost:9000\/?page_id=98"},"modified":"2026-04-09T11:39:26","modified_gmt":"2026-04-09T11:39:26","slug":"die-vorteile-von-healix","status":"publish","type":"page","link":"https:\/\/healix.at\/?page_id=98","title":{"rendered":"Die Vorteile von HEALIX"},"content":{"rendered":"\n<div class=\"wp-block-group has-ast-global-color-5-background-color has-background is-vertical is-layout-flex wp-container-core-group-is-layout-d062f5d5 wp-block-group-is-layout-flex\" style=\"border-radius:10px;margin-top:var(--wp--preset--spacing--40);margin-bottom:var(--wp--preset--spacing--70)\">\n<h1 class=\"wp-block-heading\">Die Vorteile von HEALIX<\/h1>\n\n\n\n<p>Kritische e-Health Infrastruktur<\/p>\n\n\n\n<p>Hervorgegangen aus einer Initiative der Krankenanstaltenverb\u00e4nde f\u00fcr den bundesl\u00e4nder\u00fcbergreifenden, sicheren Austausch&nbsp;von Gesundheitsdaten.<\/p>\n<\/div>\n\n\n\n<h4 class=\"wp-block-heading\">Die Vorteile von HEALIX<\/h4>\n\n\n\n<ul class=\"wp-block-list\">\n<li>Sicher, offen, interoperabel und damit zukunftssicher<\/li>\n\n\n\n<li>Skalierbare L\u00f6sung entsprechend den Anforderungen \u2013 Anbindung mit bis zu 1000 MBit\/s<\/li>\n\n\n\n<li>\u00d6sterreichweit einheitliche Zugangspreise<\/li>\n\n\n\n<li>Keine zus\u00e4tzlichen Geb\u00fchren f\u00fcr den Datenaustausch<\/li>\n\n\n\n<li>Erh\u00f6hte Ausfallsicherheit durch regionale Knoten und redundante Ausf\u00fchrung<\/li>\n\n\n\n<li>Erf\u00fcllung der Anforderungen einer kritischen Infrastruktur f\u00fcr e-Health<\/li>\n\n\n\n<li>Nutzung bestehender Mechanismen des Katastrophenschutzes der Republik \u00d6sterreich<\/li>\n\n\n\n<li>Gemeinsame Initiative von Landeskrankenanstaltenverb\u00e4nden, Landesenergieversorgern und Drei<\/li>\n\n\n\n<li>Etablierte und bew\u00e4hrte Infrastruktur zur \u00dcbertragung von Gesundheitsdaten seit 2009<\/li>\n<\/ul>\n\n\n\n<figure class=\"wp-block-image aligncenter size-large\" style=\"margin-top:var(--wp--preset--spacing--80);margin-bottom:var(--wp--preset--spacing--80)\"><img decoding=\"async\" src=\"\/wp-content\/uploads\/2026\/01\/HEALIX_Logoleiste2-1024x55.jpg\" alt=\"\"\/><\/figure>\n","protected":false},"excerpt":{"rendered":"<p>Die Vorteile von HEALIX Kritische e-Health Infrastruktur Hervorgegangen aus einer Initiative der Krankenanstaltenverb\u00e4nde f\u00fcr den bundesl\u00e4nder\u00fcbergreifenden, sicheren Austausch&nbsp;von Gesundheitsdaten. Die [&hellip;]<\/p>\n","protected":false},"author":1,"featured_media":0,"parent":0,"menu_order":0,"comment_status":"closed","ping_status":"closed","template":"","meta":{"site-sidebar-layout":"default","site-content-layout":"","ast-site-content-layout":"default","site-content-style":"default","site-sidebar-style":"default","ast-global-header-display":"","ast-banner-title-visibility":"","ast-main-header-display":"","ast-hfb-above-header-display":"","ast-hfb-below-header-display":"","ast-hfb-mobile-header-display":"","site-post-title":"disabled","ast-breadcrumbs-content":"","ast-featured-img":"","footer-sml-layout":"","theme-transparent-header-meta":"","adv-header-id-meta":"","stick-header-meta":"","header-above-stick-meta":"","header-main-stick-meta":"","header-below-stick-meta":"","astra-migrate-meta-layouts":"default","ast-page-background-enabled":"default","ast-page-background-meta":{"desktop":{"background-color":"var(--ast-global-color-5)","background-image":"","background-repeat":"repeat","background-position":"center center","background-size":"auto","background-attachment":"scroll","background-type":"","background-media":"","overlay-type":"","overlay-color":"","overlay-opacity":"","overlay-gradient":""},"tablet":{"background-color":"","background-image":"","background-repeat":"repeat","background-position":"center center","background-size":"auto","background-attachment":"scroll","background-type":"","background-media":"","overlay-type":"","overlay-color":"","overlay-opacity":"","overlay-gradient":""},"mobile":{"background-color":"","background-image":"","background-repeat":"repeat","background-position":"center center","background-size":"auto","background-attachment":"scroll","background-type":"","background-media":"","overlay-type":"","overlay-color":"","overlay-opacity":"","overlay-gradient":""}},"ast-content-background-meta":{"desktop":{"background-color":"var(--ast-global-color-4)","background-image":"","background-repeat":"repeat","background-position":"center center","background-size":"auto","background-attachment":"scroll","background-type":"","background-media":"","overlay-type":"","overlay-color":"","overlay-opacity":"","overlay-gradient":""},"tablet":{"background-color":"var(--ast-global-color-4)","background-image":"","background-repeat":"repeat","background-position":"center center","background-size":"auto","background-attachment":"scroll","background-type":"","background-media":"","overlay-type":"","overlay-color":"","overlay-opacity":"","overlay-gradient":""},"mobile":{"background-color":"var(--ast-global-color-4)","background-image":"","background-repeat":"repeat","background-position":"center center","background-size":"auto","background-attachment":"scroll","background-type":"","background-media":"","overlay-type":"","overlay-color":"","overlay-opacity":"","overlay-gradient":""}},"footnotes":""},"class_list":["post-98","page","type-page","status-publish","hentry"],"_links":{"self":[{"href":"https:\/\/healix.at\/index.php?rest_route=\/wp\/v2\/pages\/98","targetHints":{"allow":["GET"]}}],"collection":[{"href":"https:\/\/healix.at\/index.php?rest_route=\/wp\/v2\/pages"}],"about":[{"href":"https:\/\/healix.at\/index.php?rest_route=\/wp\/v2\/types\/page"}],"author":[{"embeddable":true,"href":"https:\/\/healix.at\/index.php?rest_route=\/wp\/v2\/users\/1"}],"replies":[{"embeddable":true,"href":"https:\/\/healix.at\/index.php?rest_route=%2Fwp%2Fv2%2Fcomments&post=98"}],"version-history":[{"count":4,"href":"https:\/\/healix.at\/index.php?rest_route=\/wp\/v2\/pages\/98\/revisions"}],"predecessor-version":[{"id":628,"href":"https:\/\/healix.at\/index.php?rest_route=\/wp\/v2\/pages\/98\/revisions\/628"}],"wp:attachment":[{"href":"https:\/\/healix.at\/index.php?rest_route=%2Fwp%2Fv2%2Fmedia&parent=98"}],"curies":[{"name":"wp","href":"https:\/\/api.w.org\/{rel}","templated":true}]}}