{"id":132,"date":"2026-01-25T22:44:42","date_gmt":"2026-01-25T22:44:42","guid":{"rendered":"http:\/\/localhost:9000\/?page_id=132"},"modified":"2026-01-26T10:38:08","modified_gmt":"2026-01-26T10:38:08","slug":"kontakt","status":"publish","type":"page","link":"https:\/\/healix.at\/?page_id=132","title":{"rendered":"Kontakt"},"content":{"rendered":"\n<h1 class=\"wp-block-heading has-ast-global-color-3-color has-text-color has-link-color has-x-large-font-size wp-elements-b3ba2f2e29db13f49712a18ef291d30d\" style=\"margin-top:2rem;margin-bottom:var(--wp--preset--spacing--50)\">Kontakt<\/h1>\n\n\n\n<div class=\"wp-block-group is-layout-grid wp-container-core-group-is-layout-71a400ae wp-block-group-is-layout-grid\" style=\"margin-top:0;padding-top:0;padding-right:0;padding-left:0\">\n<p class=\"has-ast-global-color-5-background-color has-background wp-container-content-b4c5012d\" style=\"border-radius:10px\"><strong>Weitere Informationen \u00fcber HEALIX<\/strong>&nbsp;erhalten Sie unter:<br>E-Mail:&nbsp;<a href=\"mailto:HEALIX@drei.com\">HEALIX AT drei.com<\/a><br>Telefon: 0660 30 36 30<\/p>\n\n\n\n<p class=\"has-ast-global-color-5-background-color has-background\" style=\"border-radius:10px\"><strong>Beitrittstelle f\u00fcr alle Bundesl\u00e4nder:<\/strong><br>Herr Horst Steiner<br>Hutchison Drei Austria GmbH<br>Br\u00fcnner Stra\u00dfe 52<br>A-1210 Wien<br>Telefon:[+43] (0)660 30 36 30<br>E-Mail:&nbsp;<a href=\"mailto:HEALIX_beitritt@drei.com\">HEALIX_beitritt AT drei.com<\/a><\/p>\n\n\n\n<p class=\"has-ast-global-color-5-background-color has-background\" style=\"border-radius:10px\"><strong>Depositar:<\/strong><br>Herr Franz Hoheiser-Pf\u00f6rtner, Ing. MSc<br>Magistrat der Stadt Wien<br>Wien Digital<br>Stadlauer Stra\u00dfe 54-56<br>A-1220 Wien<br>Telefon:[+43 1] 4000 72491<br>Mobil-VPN:[+43 676] 811872491<br>Mobil:[+43 676] 5880067<br>E-Mail:&nbsp;&nbsp;<a href=\"mailto:depositar@healix.at\">depositar AT healix.at<\/a><\/p>\n\n\n\n<p class=\"has-ast-global-color-5-background-color has-background\" style=\"border-radius:10px\"><strong>Stellvertretender Depositar:<\/strong><br>Herr Christopher Ozvald, MSc<br>Bundesministerium f\u00fcr Soziales, Gesundheit, Pflege und Konsumentenschutz<br>Radetzkystra\u00dfe 2<br>A-1030 Wien<br>Telefon:[+43&nbsp;1] 711 00-644131<br>Mobil:[+43 664] 831 29&nbsp;82\u200b<br>E-Mail:&nbsp;&nbsp;<a href=\"mailto:depositar2@healix.at\">depositar2 AT healix.at<\/a><\/p>\n<\/div>\n\n\n\n<figure class=\"wp-block-image aligncenter size-large\" style=\"margin-top:var(--wp--preset--spacing--60);margin-bottom:var(--wp--preset--spacing--80)\"><img loading=\"lazy\" decoding=\"async\" width=\"1024\" height=\"55\" src=\"https:\/\/healix-wordpress.healix.prod.awseuc1.dcop.internal\/wp-content\/uploads\/2026\/01\/HEALIX_Logoleiste2-1024x55.jpg\" alt=\"\" class=\"wp-image-146\" srcset=\"https:\/\/healix.at\/wp-content\/uploads\/2026\/01\/HEALIX_Logoleiste2-1024x55.jpg 1024w, https:\/\/healix.at\/wp-content\/uploads\/2026\/01\/HEALIX_Logoleiste2-300x16.jpg 300w, https:\/\/healix.at\/wp-content\/uploads\/2026\/01\/HEALIX_Logoleiste2-768x41.jpg 768w, https:\/\/healix.at\/wp-content\/uploads\/2026\/01\/HEALIX_Logoleiste2-1536x83.jpg 1536w, https:\/\/healix.at\/wp-content\/uploads\/2026\/01\/HEALIX_Logoleiste2.jpg 1893w\" sizes=\"auto, (max-width: 1024px) 100vw, 1024px\" \/><\/figure>\n","protected":false},"excerpt":{"rendered":"<p>Kontakt Weitere Informationen \u00fcber HEALIX&nbsp;erhalten Sie unter:E-Mail:&nbsp;HEALIX AT drei.comTelefon: 0660 30 36 30 Beitrittstelle f\u00fcr alle Bundesl\u00e4nder:Herr Horst SteinerHutchison Drei [&hellip;]<\/p>\n","protected":false},"author":1,"featured_media":0,"parent":0,"menu_order":0,"comment_status":"closed","ping_status":"closed","template":"","meta":{"site-sidebar-layout":"default","site-content-layout":"","ast-site-content-layout":"default","site-content-style":"default","site-sidebar-style":"default","ast-global-header-display":"","ast-banner-title-visibility":"","ast-main-header-display":"","ast-hfb-above-header-display":"","ast-hfb-below-header-display":"","ast-hfb-mobile-header-display":"","site-post-title":"disabled","ast-breadcrumbs-content":"","ast-featured-img":"","footer-sml-layout":"","theme-transparent-header-meta":"","adv-header-id-meta":"","stick-header-meta":"","header-above-stick-meta":"","header-main-stick-meta":"","header-below-stick-meta":"","astra-migrate-meta-layouts":"default","ast-page-background-enabled":"default","ast-page-background-meta":{"desktop":{"background-color":"var(--ast-global-color-5)","background-image":"","background-repeat":"repeat","background-position":"center center","background-size":"auto","background-attachment":"scroll","background-type":"","background-media":"","overlay-type":"","overlay-color":"","overlay-opacity":"","overlay-gradient":""},"tablet":{"background-color":"","background-image":"","background-repeat":"repeat","background-position":"center center","background-size":"auto","background-attachment":"scroll","background-type":"","background-media":"","overlay-type":"","overlay-color":"","overlay-opacity":"","overlay-gradient":""},"mobile":{"background-color":"","background-image":"","background-repeat":"repeat","background-position":"center center","background-size":"auto","background-attachment":"scroll","background-type":"","background-media":"","overlay-type":"","overlay-color":"","overlay-opacity":"","overlay-gradient":""}},"ast-content-background-meta":{"desktop":{"background-color":"var(--ast-global-color-4)","background-image":"","background-repeat":"repeat","background-position":"center center","background-size":"auto","background-attachment":"scroll","background-type":"","background-media":"","overlay-type":"","overlay-color":"","overlay-opacity":"","overlay-gradient":""},"tablet":{"background-color":"var(--ast-global-color-4)","background-image":"","background-repeat":"repeat","background-position":"center center","background-size":"auto","background-attachment":"scroll","background-type":"","background-media":"","overlay-type":"","overlay-color":"","overlay-opacity":"","overlay-gradient":""},"mobile":{"background-color":"var(--ast-global-color-4)","background-image":"","background-repeat":"repeat","background-position":"center center","background-size":"auto","background-attachment":"scroll","background-type":"","background-media":"","overlay-type":"","overlay-color":"","overlay-opacity":"","overlay-gradient":""}},"footnotes":""},"class_list":["post-132","page","type-page","status-publish","hentry"],"_links":{"self":[{"href":"https:\/\/healix.at\/index.php?rest_route=\/wp\/v2\/pages\/132","targetHints":{"allow":["GET"]}}],"collection":[{"href":"https:\/\/healix.at\/index.php?rest_route=\/wp\/v2\/pages"}],"about":[{"href":"https:\/\/healix.at\/index.php?rest_route=\/wp\/v2\/types\/page"}],"author":[{"embeddable":true,"href":"https:\/\/healix.at\/index.php?rest_route=\/wp\/v2\/users\/1"}],"replies":[{"embeddable":true,"href":"https:\/\/healix.at\/index.php?rest_route=%2Fwp%2Fv2%2Fcomments&post=132"}],"version-history":[{"count":39,"href":"https:\/\/healix.at\/index.php?rest_route=\/wp\/v2\/pages\/132\/revisions"}],"predecessor-version":[{"id":225,"href":"https:\/\/healix.at\/index.php?rest_route=\/wp\/v2\/pages\/132\/revisions\/225"}],"wp:attachment":[{"href":"https:\/\/healix.at\/index.php?rest_route=%2Fwp%2Fv2%2Fmedia&parent=132"}],"curies":[{"name":"wp","href":"https:\/\/api.w.org\/{rel}","templated":true}]}}